{"id":293,"date":"2026-02-11T07:00:00","date_gmt":"2026-02-11T06:00:00","guid":{"rendered":"https:\/\/aigueperse2026.fr\/?page_id=293"},"modified":"2026-02-10T15:32:35","modified_gmt":"2026-02-10T14:32:35","slug":"claire-voisin","status":"publish","type":"page","link":"https:\/\/aigueperse2026.fr\/index.php\/claire-voisin\/","title":{"rendered":"Claire VOISIN"},"content":{"rendered":"\n<div class=\"wp-block-media-text is-stacked-on-mobile\" style=\"grid-template-columns:15% auto\"><figure class=\"wp-block-media-text__media\"><img loading=\"lazy\" decoding=\"async\" width=\"996\" height=\"1024\" src=\"https:\/\/aigueperse2026.fr\/wp-content\/uploads\/2026\/01\/Claire-VOISIN-2-996x1024.jpeg\" alt=\"\" class=\"wp-image-295 size-full\" srcset=\"https:\/\/aigueperse2026.fr\/wp-content\/uploads\/2026\/01\/Claire-VOISIN-2-996x1024.jpeg 996w, https:\/\/aigueperse2026.fr\/wp-content\/uploads\/2026\/01\/Claire-VOISIN-2-292x300.jpeg 292w, https:\/\/aigueperse2026.fr\/wp-content\/uploads\/2026\/01\/Claire-VOISIN-2-768x790.jpeg 768w, https:\/\/aigueperse2026.fr\/wp-content\/uploads\/2026\/01\/Claire-VOISIN-2-1494x1536.jpeg 1494w, https:\/\/aigueperse2026.fr\/wp-content\/uploads\/2026\/01\/Claire-VOISIN-2-1992x2048.jpeg 1992w\" sizes=\"auto, (max-width: 996px) 100vw, 996px\" \/><\/figure><div class=\"wp-block-media-text__content\">\n<p class=\"has-regular-font-size\"><strong>Claire VOISIN<\/strong><br>Gestionnaire en assurances<br>43 ans<\/p>\n<\/div><\/div>\n\n\n\n<p><strong>Mon attachement \u00e0 la commune<\/strong><\/p>\n\n\n\n<p>Originaire d\u2019Effiat, j\u2019habite aujourd\u2019hui \u00e0 Aigueperse avec mes 2 enfants. Cette ville me pla\u00eet et je souhaite m\u2019y installer durablement. La vie quotidienne y est facilit\u00e9e par les commerces, les services et les \u00e9coles proches, et j\u2019aime particuli\u00e8rement l\u2019\u00e9nergie du tissu associatif et la convivialit\u00e9 qui caract\u00e9risent la ville.&nbsp;<\/p>\n\n\n\n<p><strong>Pourquoi je m\u2019engage<\/strong><\/p>\n\n\n\n<p>M\u2019investir dans la dynamique de l\u2019\u00e9quipe et apporter ma vision pour accompagner les \u00e9volutions dont la ville a besoin.<\/p>\n\n\n\n<p><strong>Mes sujets de pr\u00e9dilection&nbsp;<\/strong><\/p>\n\n\n\n<p>La jeunesse et les mobilit\u00e9s douces sont au c\u0153ur de mes engagements : accompagner les jeunes dans leurs projets et renforcer les modes de d\u00e9placement doux pour une commune plus vivante et plus agr\u00e9able.<\/p>\n","protected":false},"excerpt":{"rendered":"<p>Claire VOISINGestionnaire en assurances43 ans Mon attachement \u00e0 la commune Originaire d\u2019Effiat, j\u2019habite aujourd\u2019hui \u00e0 Aigueperse avec mes 2 enfants. Cette ville me pla\u00eet et je souhaite m\u2019y installer durablement. La vie quotidienne y est facilit\u00e9e par les commerces, les services et les \u00e9coles proches, et j\u2019aime particuli\u00e8rement l\u2019\u00e9nergie du tissu associatif et la convivialit\u00e9 [&hellip;]<\/p>\n","protected":false},"author":1,"featured_media":0,"parent":0,"menu_order":0,"comment_status":"closed","ping_status":"closed","template":"","meta":{"advanced_seo_description":"","jetpack_seo_html_title":"","jetpack_seo_noindex":false,"footnotes":""},"class_list":["post-293","page","type-page","status-publish","hentry"],"jetpack_sharing_enabled":true,"_links":{"self":[{"href":"https:\/\/aigueperse2026.fr\/index.php\/wp-json\/wp\/v2\/pages\/293","targetHints":{"allow":["GET"]}}],"collection":[{"href":"https:\/\/aigueperse2026.fr\/index.php\/wp-json\/wp\/v2\/pages"}],"about":[{"href":"https:\/\/aigueperse2026.fr\/index.php\/wp-json\/wp\/v2\/types\/page"}],"author":[{"embeddable":true,"href":"https:\/\/aigueperse2026.fr\/index.php\/wp-json\/wp\/v2\/users\/1"}],"replies":[{"embeddable":true,"href":"https:\/\/aigueperse2026.fr\/index.php\/wp-json\/wp\/v2\/comments?post=293"}],"version-history":[{"count":2,"href":"https:\/\/aigueperse2026.fr\/index.php\/wp-json\/wp\/v2\/pages\/293\/revisions"}],"predecessor-version":[{"id":296,"href":"https:\/\/aigueperse2026.fr\/index.php\/wp-json\/wp\/v2\/pages\/293\/revisions\/296"}],"wp:attachment":[{"href":"https:\/\/aigueperse2026.fr\/index.php\/wp-json\/wp\/v2\/media?parent=293"}],"curies":[{"name":"wp","href":"https:\/\/api.w.org\/{rel}","templated":true}]}}