{"id":269,"date":"2026-01-30T07:00:00","date_gmt":"2026-01-30T06:00:00","guid":{"rendered":"https:\/\/aigueperse2026.fr\/?page_id=269"},"modified":"2026-01-28T10:37:45","modified_gmt":"2026-01-28T09:37:45","slug":"helene-feat","status":"publish","type":"page","link":"https:\/\/aigueperse2026.fr\/index.php\/helene-feat\/","title":{"rendered":"H\u00e9l\u00e8ne FEAT"},"content":{"rendered":"\n<div class=\"wp-block-media-text is-stacked-on-mobile\" style=\"grid-template-columns:15% auto\"><figure class=\"wp-block-media-text__media\"><img loading=\"lazy\" decoding=\"async\" width=\"763\" height=\"1024\" src=\"https:\/\/aigueperse2026.fr\/wp-content\/uploads\/2026\/01\/Helene-FEAT-VD-763x1024.jpeg\" alt=\"\" class=\"wp-image-288 size-full\" srcset=\"https:\/\/aigueperse2026.fr\/wp-content\/uploads\/2026\/01\/Helene-FEAT-VD-763x1024.jpeg 763w, https:\/\/aigueperse2026.fr\/wp-content\/uploads\/2026\/01\/Helene-FEAT-VD-223x300.jpeg 223w, https:\/\/aigueperse2026.fr\/wp-content\/uploads\/2026\/01\/Helene-FEAT-VD-768x1031.jpeg 768w, https:\/\/aigueperse2026.fr\/wp-content\/uploads\/2026\/01\/Helene-FEAT-VD-1144x1536.jpeg 1144w, https:\/\/aigueperse2026.fr\/wp-content\/uploads\/2026\/01\/Helene-FEAT-VD-1525x2048.jpeg 1525w, https:\/\/aigueperse2026.fr\/wp-content\/uploads\/2026\/01\/Helene-FEAT-VD-scaled.jpeg 1907w\" sizes=\"auto, (max-width: 763px) 100vw, 763px\" \/><\/figure><div class=\"wp-block-media-text__content\">\n<p class=\"has-regular-font-size\"><strong>H\u00e9l\u00e8ne FEAT<\/strong><br>Charg\u00e9e de mission en Gestion des Ressources Humaines au sein du Conseil d\u00e9partemental du Puy-de-D\u00f4me<br>46 ans<\/p>\n<\/div><\/div>\n\n\n\n<p><strong>Mon attachement \u00e0 la commune<\/strong><\/p>\n\n\n\n<p>Habitante de la commune depuis 9 ans, je suis engag\u00e9e depuis plusieurs ann\u00e9es dans la vie locale.<\/p>\n\n\n\n<p>J\u2019ai \u00e9t\u00e9 pr\u00e9sidente de l\u2019association des parents d\u2019\u00e9l\u00e8ves des \u00e9coles publiques d&rsquo;Aigueperse pendant trois ans ainsi que repr\u00e9sentante des parents d&rsquo;\u00e9l\u00e8ves. Ces exp\u00e9riences m\u2019ont permis d&rsquo;\u00e9tablir des liens \u00e9troits avec les \u00e9quipes \u00e9ducatives, la municipalit\u00e9, d&rsquo;autres associations d&rsquo;Aigueperse et plusieurs familles.<\/p>\n\n\n\n<p>Mes enfants sont et ont \u00e9t\u00e9 scolaris\u00e9s et impliqu\u00e9s dans diff\u00e9rentes \u00e9coles et associations de la commune, ce qui renforce mon ancrage local et ma connaissance des besoins des usagers, des jeunes et du tissu associatif.<\/p>\n\n\n\n<p>Utilisatrice r\u00e9guli\u00e8re des services propos\u00e9s par la ville, je mesure l\u2019importance de services publics accessibles, efficaces et proches des citoyens.<\/p>\n\n\n\n<p><strong>Pourquoi je m\u2019engage<\/strong><\/p>\n\n\n\n<p>Aujourd\u2019hui, je souhaite m\u2019engager comme colisti\u00e8re aux \u00e9lections municipales afin de contribuer activement \u00e0 la vie de la commune, \u00eatre porte-voix et participer \u00e0 un projet collectif au service de tous les habitants.<\/p>\n\n\n\n<p>Mes valeurs reposent avant tout sur l\u2019\u00e9coute, le respect et l\u2019engagement collectif.<\/p>\n\n\n\n<p>Je crois en une action municipale proche des habitants, attentive aux besoins du quotidien et construite dans le dialogue. Convaincue de l\u2019importance du vivre-ensemble, je d\u00e9fends une commune solidaire, inclusive et dynamique, o\u00f9 chaque g\u00e9n\u00e9ration trouve sa place.<\/p>\n\n\n\n<p>Mes diff\u00e9rentes exp\u00e9riences professionnelles ainsi que mon parcours associatif ont renforc\u00e9 mon sens des responsabilit\u00e9s, du travail en \u00e9quipe et de l\u2019int\u00e9r\u00eat g\u00e9n\u00e9ral, des valeurs qui guident aujourd\u2019hui mon souhait de m\u2019investir au service de la commune et de ses habitants.<\/p>\n\n\n\n<p><strong>Mes sujets de pr\u00e9dilection&nbsp;<\/strong><\/p>\n\n\n\n<p>Je souhaite aujourd&rsquo;hui m&rsquo;investir particuli\u00e8rement dans les sujets du vivre ensemble, en permettant aux plus jeunes de prendre toute leur place et faire valoir une qualit\u00e9 de vie agr\u00e9able et juste, que ce soit en mati\u00e8re d&rsquo;accueil scolaire, p\u00e9riscolaire, de repr\u00e9sentativit\u00e9 dans l&rsquo;espace public mais aussi l&rsquo;espace d\u00e9mocratique et d\u00e9cisionnaire.<\/p>\n\n\n\n<p>Je souhaite que la ville d&rsquo;Aigueperse puisse faire conna\u00eetre \u00e0 ses habitants ses ressources culturelles fortes et les faire rayonner au-del\u00e0 de la commune.<\/p>\n","protected":false},"excerpt":{"rendered":"<p>H\u00e9l\u00e8ne FEATCharg\u00e9e de mission en Gestion des Ressources Humaines au sein du Conseil d\u00e9partemental du Puy-de-D\u00f4me46 ans Mon attachement \u00e0 la commune Habitante de la commune depuis 9 ans, je suis engag\u00e9e depuis plusieurs ann\u00e9es dans la vie locale. J\u2019ai \u00e9t\u00e9 pr\u00e9sidente de l\u2019association des parents d\u2019\u00e9l\u00e8ves des \u00e9coles publiques d&rsquo;Aigueperse pendant trois ans ainsi [&hellip;]<\/p>\n","protected":false},"author":1,"featured_media":0,"parent":0,"menu_order":0,"comment_status":"closed","ping_status":"closed","template":"","meta":{"advanced_seo_description":"","jetpack_seo_html_title":"","jetpack_seo_noindex":false,"footnotes":""},"class_list":["post-269","page","type-page","status-publish","hentry"],"jetpack_sharing_enabled":true,"_links":{"self":[{"href":"https:\/\/aigueperse2026.fr\/index.php\/wp-json\/wp\/v2\/pages\/269","targetHints":{"allow":["GET"]}}],"collection":[{"href":"https:\/\/aigueperse2026.fr\/index.php\/wp-json\/wp\/v2\/pages"}],"about":[{"href":"https:\/\/aigueperse2026.fr\/index.php\/wp-json\/wp\/v2\/types\/page"}],"author":[{"embeddable":true,"href":"https:\/\/aigueperse2026.fr\/index.php\/wp-json\/wp\/v2\/users\/1"}],"replies":[{"embeddable":true,"href":"https:\/\/aigueperse2026.fr\/index.php\/wp-json\/wp\/v2\/comments?post=269"}],"version-history":[{"count":2,"href":"https:\/\/aigueperse2026.fr\/index.php\/wp-json\/wp\/v2\/pages\/269\/revisions"}],"predecessor-version":[{"id":289,"href":"https:\/\/aigueperse2026.fr\/index.php\/wp-json\/wp\/v2\/pages\/269\/revisions\/289"}],"wp:attachment":[{"href":"https:\/\/aigueperse2026.fr\/index.php\/wp-json\/wp\/v2\/media?parent=269"}],"curies":[{"name":"wp","href":"https:\/\/api.w.org\/{rel}","templated":true}]}}