{"id":175,"date":"2026-02-03T07:00:00","date_gmt":"2026-02-03T06:00:00","guid":{"rendered":"https:\/\/aigueperse2026.fr\/?page_id=175"},"modified":"2026-02-02T08:55:10","modified_gmt":"2026-02-02T07:55:10","slug":"stephanie-franchisseur-breuil","status":"publish","type":"page","link":"https:\/\/aigueperse2026.fr\/index.php\/stephanie-franchisseur-breuil\/","title":{"rendered":"St\u00e9phanie FRANCHISSEUR-BREUIL"},"content":{"rendered":"\n<div class=\"wp-block-media-text is-stacked-on-mobile\" style=\"grid-template-columns:15% auto\"><figure class=\"wp-block-media-text__media\"><img loading=\"lazy\" decoding=\"async\" width=\"768\" height=\"1024\" src=\"https:\/\/aigueperse2026.fr\/wp-content\/uploads\/2026\/01\/Stephanie-FRANCHISSEUR-768x1024.jpeg\" alt=\"\" class=\"wp-image-182 size-full\" srcset=\"https:\/\/aigueperse2026.fr\/wp-content\/uploads\/2026\/01\/Stephanie-FRANCHISSEUR-768x1024.jpeg 768w, https:\/\/aigueperse2026.fr\/wp-content\/uploads\/2026\/01\/Stephanie-FRANCHISSEUR-225x300.jpeg 225w, https:\/\/aigueperse2026.fr\/wp-content\/uploads\/2026\/01\/Stephanie-FRANCHISSEUR-1152x1536.jpeg 1152w, https:\/\/aigueperse2026.fr\/wp-content\/uploads\/2026\/01\/Stephanie-FRANCHISSEUR.jpeg 1536w\" sizes=\"auto, (max-width: 768px) 100vw, 768px\" \/><\/figure><div class=\"wp-block-media-text__content\">\n<p class=\"has-regular-font-size\"><strong>St\u00e9phanie FRANCHISSEUR-BREUIL<\/strong><br>Coordinatrice budg\u00e9taire et comptable<br>46 ans<\/p>\n<\/div><\/div>\n\n\n\n<p><strong>Mon attachement \u00e0 la commune<\/strong><\/p>\n\n\n\n<p>Conseill\u00e8re municipale depuis 2020, je suis mari\u00e9e et maman de deux filles. Je travaille comme coordinatrice budg\u00e9taire et comptable au sein d\u2019un EPCI de 300\u202f000 habitants. Cela fait d\u00e9sormais 23 ans que j\u2019\u00e9volue dans la fonction publique territoriale, dont je connais intimement les enjeux, les contraintes et les richesses. C\u2019est d\u2019ailleurs au sein de notre communaut\u00e9 de communes que j\u2019ai fait mes premiers pas dans la vie active.<\/p>\n\n\n\n<p>J\u2019ai v\u00e9cu \u00e0 Aigueperse de 2002 \u00e0 2006 avant d\u2019y revenir en 2013, attach\u00e9e \u00e0 cette commune o\u00f9 j\u2019ai choisi de m\u2019ancrer durablement. Avant les derni\u00e8res \u00e9lections, je me suis engag\u00e9e pendant trois ans comme repr\u00e9sentante des parents d\u2019\u00e9l\u00e8ves. Je participe \u00e9galement \u00e0 la vie associative locale en tant que tr\u00e9sori\u00e8re de l\u2019association <em>Sports pour tous Aigueperse<\/em>, qui propose notamment le swissball et la gymnastique d\u2019entretien pour les seniors.<\/p>\n\n\n\n<p>Tr\u00e8s attach\u00e9e au service public, et plus encore au service public de proximit\u00e9, je regrette de le voir progressivement se fragiliser. Cet attachement guide mon engagement et ma volont\u00e9 d\u2019agir pour pr\u00e9server un service accessible, humain et utile \u00e0 toutes et tous.<\/p>\n\n\n\n<p><strong>Pourquoi je m\u2019engage<\/strong><\/p>\n\n\n\n<p>Dans la continuit\u00e9 des derni\u00e8res ann\u00e9es, j\u2019ai d\u00e9cid\u00e9 de me pr\u00e9senter sur la liste men\u00e9e par Christophe CLEMENTE car il peut incarner le renouveau dont notre ville a besoin. Je partage avec lui de nombreuses id\u00e9es et projets pour notre commune tels que renforcer les services de proximit\u00e9 pour tous les habitants, moderniser les \u00e9coles, offrir un cadre de vie s\u00fbr, propre et redonner \u00e0 notre commune son r\u00f4le majeur dans la communaut\u00e9 de communes.<\/p>\n\n\n\n<p><strong>Mes sujets de pr\u00e9dilection&nbsp;<\/strong><\/p>\n\n\n\n<p>Je porte un int\u00e9r\u00eat particulier \u00e0 la jeunesse et, plus encore, \u00e0 nos \u00e9coles, qui sont pour moi un pilier essentiel de la commune. J\u2019accorde \u00e9galement une grande importance aux finances publiques, car une gestion saine et ma\u00eetris\u00e9e conditionne notre capacit\u00e9 \u00e0 maintenir des services de qualit\u00e9, \u00e0 investir pour l\u2019avenir et \u00e0 r\u00e9pondre concr\u00e8tement aux besoins des habitants.<\/p>\n","protected":false},"excerpt":{"rendered":"<p>St\u00e9phanie FRANCHISSEUR-BREUILCoordinatrice budg\u00e9taire et comptable46 ans Mon attachement \u00e0 la commune Conseill\u00e8re municipale depuis 2020, je suis mari\u00e9e et maman de deux filles. Je travaille comme coordinatrice budg\u00e9taire et comptable au sein d\u2019un EPCI de 300\u202f000 habitants. Cela fait d\u00e9sormais 23 ans que j\u2019\u00e9volue dans la fonction publique territoriale, dont je connais intimement les enjeux, [&hellip;]<\/p>\n","protected":false},"author":1,"featured_media":0,"parent":0,"menu_order":0,"comment_status":"closed","ping_status":"closed","template":"","meta":{"advanced_seo_description":"","jetpack_seo_html_title":"","jetpack_seo_noindex":false,"footnotes":""},"class_list":["post-175","page","type-page","status-publish","hentry"],"jetpack_sharing_enabled":true,"_links":{"self":[{"href":"https:\/\/aigueperse2026.fr\/index.php\/wp-json\/wp\/v2\/pages\/175","targetHints":{"allow":["GET"]}}],"collection":[{"href":"https:\/\/aigueperse2026.fr\/index.php\/wp-json\/wp\/v2\/pages"}],"about":[{"href":"https:\/\/aigueperse2026.fr\/index.php\/wp-json\/wp\/v2\/types\/page"}],"author":[{"embeddable":true,"href":"https:\/\/aigueperse2026.fr\/index.php\/wp-json\/wp\/v2\/users\/1"}],"replies":[{"embeddable":true,"href":"https:\/\/aigueperse2026.fr\/index.php\/wp-json\/wp\/v2\/comments?post=175"}],"version-history":[{"count":2,"href":"https:\/\/aigueperse2026.fr\/index.php\/wp-json\/wp\/v2\/pages\/175\/revisions"}],"predecessor-version":[{"id":201,"href":"https:\/\/aigueperse2026.fr\/index.php\/wp-json\/wp\/v2\/pages\/175\/revisions\/201"}],"wp:attachment":[{"href":"https:\/\/aigueperse2026.fr\/index.php\/wp-json\/wp\/v2\/media?parent=175"}],"curies":[{"name":"wp","href":"https:\/\/api.w.org\/{rel}","templated":true}]}}